{"id":28042,"date":"2023-07-25T14:39:31","date_gmt":"2023-07-25T17:39:31","guid":{"rendered":"https:\/\/www.ateliecomvoce.com.br\/?page_id=28042"},"modified":"2025-07-07T09:13:20","modified_gmt":"2025-07-07T12:13:20","slug":"onde-assistir","status":"publish","type":"page","link":"https:\/\/www.ateliecomvoce.com.br\/?page_id=28042","title":{"rendered":"Onde Assistir"},"content":{"rendered":"\t\t<div data-elementor-type=\"wp-page\" data-elementor-id=\"28042\" class=\"elementor elementor-28042\" data-elementor-settings=\"{&quot;ha_cmc_init_switcher&quot;:&quot;no&quot;}\">\n\t\t\t\t\t\t<section class=\"elementor-section elementor-top-section elementor-element elementor-element-1cda107a elementor-section-boxed elementor-section-height-default elementor-section-height-default\" data-id=\"1cda107a\" data-element_type=\"section\" data-e-type=\"section\" data-settings=\"{&quot;_ha_eqh_enable&quot;:false}\">\n\t\t\t\t\t\t<div class=\"elementor-container elementor-column-gap-default\">\n\t\t\t\t\t<div class=\"elementor-column elementor-col-100 elementor-top-column elementor-element elementor-element-59f8d814\" data-id=\"59f8d814\" data-element_type=\"column\" data-e-type=\"column\">\n\t\t\t<div class=\"elementor-widget-wrap elementor-element-populated\">\n\t\t\t\t\t\t<div class=\"elementor-element elementor-element-794b86fb elementor-widget elementor-widget-text-editor\" data-id=\"794b86fb\" data-element_type=\"widget\" data-e-type=\"widget\" data-widget_type=\"text-editor.default\">\n\t\t\t\t<div class=\"elementor-widget-container\">\n\t\t\t\t\t\t\t\t\t\t\t\t\t\t\t\t\t<\/div>\n\t\t\t\t<\/div>\n\t\t\t\t\t<\/div>\n\t\t<\/div>\n\t\t\t\t\t<\/div>\n\t\t<\/section>\n\t\t\t\t<section class=\"elementor-section elementor-top-section elementor-element elementor-element-4e564f5 elementor-section-boxed elementor-section-height-default elementor-section-height-default\" data-id=\"4e564f5\" data-element_type=\"section\" data-e-type=\"section\" data-settings=\"{&quot;_ha_eqh_enable&quot;:false}\">\n\t\t\t\t\t\t<div class=\"elementor-container elementor-column-gap-default\">\n\t\t\t\t\t<div class=\"elementor-column elementor-col-100 elementor-top-column elementor-element elementor-element-084f92e\" data-id=\"084f92e\" data-element_type=\"column\" data-e-type=\"column\">\n\t\t\t<div class=\"elementor-widget-wrap elementor-element-populated\">\n\t\t\t\t\t\t<div class=\"elementor-element elementor-element-4633078 elementor-widget elementor-widget-image\" data-id=\"4633078\" data-element_type=\"widget\" data-e-type=\"widget\" data-widget_type=\"image.default\">\n\t\t\t\t<div class=\"elementor-widget-container\">\n\t\t\t\t\t\t\t\t\t\t\t\t\t\t\t<img fetchpriority=\"high\" decoding=\"async\" width=\"1020\" height=\"472\" src=\"https:\/\/www.ateliecomvoce.com.br\/wp-content\/uploads\/2023\/07\/Pagina-onde-assistir_Prancheta-1-1024x474.jpg\" class=\"attachment-large size-large wp-image-28045\" alt=\"\" srcset=\"https:\/\/www.ateliecomvoce.com.br\/wp-content\/uploads\/2023\/07\/Pagina-onde-assistir_Prancheta-1-1024x474.jpg 1024w, https:\/\/www.ateliecomvoce.com.br\/wp-content\/uploads\/2023\/07\/Pagina-onde-assistir_Prancheta-1-300x139.jpg 300w, https:\/\/www.ateliecomvoce.com.br\/wp-content\/uploads\/2023\/07\/Pagina-onde-assistir_Prancheta-1-768x355.jpg 768w, https:\/\/www.ateliecomvoce.com.br\/wp-content\/uploads\/2023\/07\/Pagina-onde-assistir_Prancheta-1-1536x710.jpg 1536w, https:\/\/www.ateliecomvoce.com.br\/wp-content\/uploads\/2023\/07\/Pagina-onde-assistir_Prancheta-1.jpg 1920w\" sizes=\"(max-width: 1020px) 100vw, 1020px\" \/>\t\t\t\t\t\t\t\t\t\t\t\t\t\t\t<\/div>\n\t\t\t\t<\/div>\n\t\t\t\t\t<\/div>\n\t\t<\/div>\n\t\t\t\t\t<\/div>\n\t\t<\/section>\n\t\t\t\t<section class=\"elementor-section elementor-top-section elementor-element elementor-element-50ecfaa elementor-section-boxed elementor-section-height-default elementor-section-height-default\" data-id=\"50ecfaa\" data-element_type=\"section\" data-e-type=\"section\" data-settings=\"{&quot;_ha_eqh_enable&quot;:false}\">\n\t\t\t\t\t\t<div class=\"elementor-container elementor-column-gap-default\">\n\t\t\t\t\t<div class=\"elementor-column elementor-col-50 elementor-top-column elementor-element elementor-element-9712049\" data-id=\"9712049\" data-element_type=\"column\" data-e-type=\"column\">\n\t\t\t<div class=\"elementor-widget-wrap elementor-element-populated\">\n\t\t\t\t\t\t<div class=\"elementor-element elementor-element-2cc0a0b elementor-widget elementor-widget-text-editor\" data-id=\"2cc0a0b\" data-element_type=\"widget\" data-e-type=\"widget\" data-widget_type=\"text-editor.default\">\n\t\t\t\t<div class=\"elementor-widget-container\">\n\t\t\t\t\t\t\t\t\t<h1 class=\"v1MsoNormal\" style=\"text-align: left;\" align=\"center\"><span style=\"color: #000080;\"><b>O Ateli\u00ea na TV traz conte\u00fado<\/b><\/span><span style=\"color: #000080;\"><b> exclusivo para voc\u00ea, todos os dias:<\/b><b>&nbsp;<\/b><\/span><\/h1>\n<p><\/p>\n<h4 style=\"text-align: left;\"><span style=\"font-size: 130%;\"><strong>Estamos de casa nova o mesmo Ateli\u00ea na TV agora para todo o Brasil!<\/strong><\/span><\/h4>\n<h4 class=\"v1MsoNormal\" style=\"text-align: left;\" align=\"center\"><span style=\"font-size: 115%;\" data-text-color=\"secondary\"><b>Na Rede Brasil de Televis\u00e3o, de segunda \u00e0 sexta, das 15:00hr \u00e0s 16:00hr<\/b><\/span><\/h4>\n<p><\/p>\n<h4 style=\"text-align: left;\"><span style=\"font-size: 130%;\"><strong>Confira a cobertura da sua cidade conforme abaixo:<\/strong><\/span><\/h4>\t\t\t\t\t\t\t\t<\/div>\n\t\t\t\t<\/div>\n\t\t\t\t\t<\/div>\n\t\t<\/div>\n\t\t\t\t<div class=\"elementor-column elementor-col-50 elementor-top-column elementor-element elementor-element-b26d99d\" data-id=\"b26d99d\" data-element_type=\"column\" data-e-type=\"column\">\n\t\t\t<div class=\"elementor-widget-wrap\">\n\t\t\t\t\t\t\t<\/div>\n\t\t<\/div>\n\t\t\t\t\t<\/div>\n\t\t<\/section>\n\t\t\t\t<section class=\"elementor-section elementor-top-section elementor-element elementor-element-4a17ae6 elementor-section-boxed elementor-section-height-default elementor-section-height-default\" data-id=\"4a17ae6\" data-element_type=\"section\" data-e-type=\"section\" data-settings=\"{&quot;_ha_eqh_enable&quot;:false}\">\n\t\t\t\t\t\t<div class=\"elementor-container elementor-column-gap-default\">\n\t\t\t\t\t<div class=\"elementor-column elementor-col-50 elementor-top-column elementor-element elementor-element-aba65c7\" data-id=\"aba65c7\" data-element_type=\"column\" data-e-type=\"column\">\n\t\t\t<div class=\"elementor-widget-wrap elementor-element-populated\">\n\t\t\t\t\t\t<div class=\"elementor-element elementor-element-6c8581b elementor-widget elementor-widget-image\" data-id=\"6c8581b\" data-element_type=\"widget\" data-e-type=\"widget\" data-widget_type=\"image.default\">\n\t\t\t\t<div class=\"elementor-widget-container\">\n\t\t\t\t\t\t\t\t\t\t\t\t\t\t\t<img decoding=\"async\" width=\"300\" height=\"57\" src=\"https:\/\/www.ateliecomvoce.com.br\/wp-content\/uploads\/2023\/07\/Canais-Abertos-300x57-1.jpg\" class=\"attachment-medium size-medium wp-image-28053\" alt=\"\" \/>\t\t\t\t\t\t\t\t\t\t\t\t\t\t\t<\/div>\n\t\t\t\t<\/div>\n\t\t\t\t\t<\/div>\n\t\t<\/div>\n\t\t\t\t<div class=\"elementor-column elementor-col-50 elementor-top-column elementor-element elementor-element-d34368f\" data-id=\"d34368f\" data-element_type=\"column\" data-e-type=\"column\">\n\t\t\t<div class=\"elementor-widget-wrap elementor-element-populated\">\n\t\t\t\t\t\t<div class=\"elementor-element elementor-element-e855bba elementor-widget elementor-widget-image\" data-id=\"e855bba\" data-element_type=\"widget\" data-e-type=\"widget\" data-widget_type=\"image.default\">\n\t\t\t\t<div class=\"elementor-widget-container\">\n\t\t\t\t\t\t\t\t\t\t\t\t\t\t\t<img decoding=\"async\" width=\"300\" height=\"69\" src=\"https:\/\/www.ateliecomvoce.com.br\/wp-content\/uploads\/2023\/07\/Canais-a-cabo-01-01-300x69-1.jpg\" class=\"attachment-medium size-medium wp-image-28054\" alt=\"\" \/>\t\t\t\t\t\t\t\t\t\t\t\t\t\t\t<\/div>\n\t\t\t\t<\/div>\n\t\t\t\t\t<\/div>\n\t\t<\/div>\n\t\t\t\t\t<\/div>\n\t\t<\/section>\n\t\t\t\t<section class=\"elementor-section elementor-top-section elementor-element elementor-element-f9d46ce elementor-section-boxed elementor-section-height-default elementor-section-height-default\" data-id=\"f9d46ce\" data-element_type=\"section\" data-e-type=\"section\" data-settings=\"{&quot;_ha_eqh_enable&quot;:false}\">\n\t\t\t\t\t\t<div class=\"elementor-container elementor-column-gap-default\">\n\t\t\t\t\t<div class=\"elementor-column elementor-col-100 elementor-top-column elementor-element elementor-element-d41d3d9\" data-id=\"d41d3d9\" data-element_type=\"column\" data-e-type=\"column\">\n\t\t\t<div class=\"elementor-widget-wrap elementor-element-populated\">\n\t\t\t\t\t\t<section class=\"elementor-section elementor-inner-section elementor-element elementor-element-a9ef1e4 elementor-section-boxed elementor-section-height-default elementor-section-height-default\" data-id=\"a9ef1e4\" data-element_type=\"section\" data-e-type=\"section\" data-settings=\"{&quot;_ha_eqh_enable&quot;:false}\">\n\t\t\t\t\t\t<div class=\"elementor-container elementor-column-gap-default\">\n\t\t\t\t\t<div class=\"elementor-column elementor-col-50 elementor-inner-column elementor-element elementor-element-154473c\" data-id=\"154473c\" data-element_type=\"column\" data-e-type=\"column\">\n\t\t\t<div class=\"elementor-widget-wrap elementor-element-populated\">\n\t\t\t\t\t\t<div class=\"elementor-element elementor-element-11994da elementor-widget elementor-widget-image\" data-id=\"11994da\" data-element_type=\"widget\" data-e-type=\"widget\" data-widget_type=\"image.default\">\n\t\t\t\t<div class=\"elementor-widget-container\">\n\t\t\t\t\t\t\t\t\t\t\t\t\t\t\t<img loading=\"lazy\" decoding=\"async\" width=\"768\" height=\"421\" src=\"https:\/\/www.ateliecomvoce.com.br\/wp-content\/uploads\/2023\/07\/LISTA-CANAIS-ABERTOS-01-1-768x421-1.jpg\" class=\"attachment-large size-large wp-image-28055\" alt=\"\" srcset=\"https:\/\/www.ateliecomvoce.com.br\/wp-content\/uploads\/2023\/07\/LISTA-CANAIS-ABERTOS-01-1-768x421-1.jpg 768w, https:\/\/www.ateliecomvoce.com.br\/wp-content\/uploads\/2023\/07\/LISTA-CANAIS-ABERTOS-01-1-768x421-1-300x164.jpg 300w\" sizes=\"(max-width: 768px) 100vw, 768px\" \/>\t\t\t\t\t\t\t\t\t\t\t\t\t\t\t<\/div>\n\t\t\t\t<\/div>\n\t\t\t\t\t<\/div>\n\t\t<\/div>\n\t\t\t\t<div class=\"elementor-column elementor-col-50 elementor-inner-column elementor-element elementor-element-1e22c4c\" data-id=\"1e22c4c\" data-element_type=\"column\" data-e-type=\"column\">\n\t\t\t<div class=\"elementor-widget-wrap elementor-element-populated\">\n\t\t\t\t\t\t<div class=\"elementor-element elementor-element-ed05dc1 elementor-widget elementor-widget-image\" data-id=\"ed05dc1\" data-element_type=\"widget\" data-e-type=\"widget\" data-widget_type=\"image.default\">\n\t\t\t\t<div class=\"elementor-widget-container\">\n\t\t\t\t\t\t\t\t\t\t\t\t\t\t\t<img loading=\"lazy\" decoding=\"async\" width=\"768\" height=\"421\" src=\"https:\/\/www.ateliecomvoce.com.br\/wp-content\/uploads\/2023\/07\/LISTA-CANAIS-A-CABO-01-768x421-1.jpg\" class=\"attachment-large size-large wp-image-28056\" alt=\"\" srcset=\"https:\/\/www.ateliecomvoce.com.br\/wp-content\/uploads\/2023\/07\/LISTA-CANAIS-A-CABO-01-768x421-1.jpg 768w, https:\/\/www.ateliecomvoce.com.br\/wp-content\/uploads\/2023\/07\/LISTA-CANAIS-A-CABO-01-768x421-1-300x164.jpg 300w\" sizes=\"(max-width: 768px) 100vw, 768px\" \/>\t\t\t\t\t\t\t\t\t\t\t\t\t\t\t<\/div>\n\t\t\t\t<\/div>\n\t\t\t\t\t<\/div>\n\t\t<\/div>\n\t\t\t\t\t<\/div>\n\t\t<\/section>\n\t\t\t\t\t<\/div>\n\t\t<\/div>\n\t\t\t\t\t<\/div>\n\t\t<\/section>\n\t\t\t\t<section class=\"elementor-section elementor-top-section elementor-element elementor-element-565a167 elementor-section-boxed elementor-section-height-default elementor-section-height-default\" data-id=\"565a167\" data-element_type=\"section\" data-e-type=\"section\" data-settings=\"{&quot;_ha_eqh_enable&quot;:false}\">\n\t\t\t\t\t\t<div class=\"elementor-container elementor-column-gap-default\">\n\t\t\t\t\t<div class=\"elementor-column elementor-col-100 elementor-top-column elementor-element elementor-element-c235a59\" data-id=\"c235a59\" data-element_type=\"column\" data-e-type=\"column\">\n\t\t\t<div class=\"elementor-widget-wrap elementor-element-populated\">\n\t\t\t\t\t\t<div class=\"elementor-element elementor-element-33a6cd0 elementor-widget elementor-widget-image\" data-id=\"33a6cd0\" data-element_type=\"widget\" data-e-type=\"widget\" data-widget_type=\"image.default\">\n\t\t\t\t<div class=\"elementor-widget-container\">\n\t\t\t\t\t\t\t\t\t\t\t\t\t\t\t<img loading=\"lazy\" decoding=\"async\" width=\"300\" height=\"57\" src=\"https:\/\/www.ateliecomvoce.com.br\/wp-content\/uploads\/2023\/07\/Canais-a-satelite-300x57-1.jpg\" class=\"attachment-large size-large wp-image-28057\" alt=\"\" \/>\t\t\t\t\t\t\t\t\t\t\t\t\t\t\t<\/div>\n\t\t\t\t<\/div>\n\t\t\t\t\t<\/div>\n\t\t<\/div>\n\t\t\t\t\t<\/div>\n\t\t<\/section>\n\t\t\t\t<section class=\"elementor-section elementor-top-section elementor-element elementor-element-b32407e elementor-section-boxed elementor-section-height-default elementor-section-height-default\" data-id=\"b32407e\" data-element_type=\"section\" data-e-type=\"section\" data-settings=\"{&quot;_ha_eqh_enable&quot;:false}\">\n\t\t\t\t\t\t<div class=\"elementor-container elementor-column-gap-default\">\n\t\t\t\t\t<div class=\"elementor-column elementor-col-50 elementor-top-column elementor-element elementor-element-f2effd7\" data-id=\"f2effd7\" data-element_type=\"column\" data-e-type=\"column\">\n\t\t\t<div class=\"elementor-widget-wrap elementor-element-populated\">\n\t\t\t\t\t\t<div class=\"elementor-element elementor-element-ec48961 elementor-widget elementor-widget-image\" data-id=\"ec48961\" data-element_type=\"widget\" data-e-type=\"widget\" data-widget_type=\"image.default\">\n\t\t\t\t<div class=\"elementor-widget-container\">\n\t\t\t\t\t\t\t\t\t\t\t\t\t\t\t<img loading=\"lazy\" decoding=\"async\" width=\"259\" height=\"300\" src=\"https:\/\/www.ateliecomvoce.com.br\/wp-content\/uploads\/2023\/07\/LISTA-CANAIS-SATELITE-01-259x300-1.jpg\" class=\"attachment-large size-large wp-image-28058\" alt=\"\" \/>\t\t\t\t\t\t\t\t\t\t\t\t\t\t\t<\/div>\n\t\t\t\t<\/div>\n\t\t\t\t\t<\/div>\n\t\t<\/div>\n\t\t\t\t<div class=\"elementor-column elementor-col-50 elementor-top-column elementor-element elementor-element-f4073f3\" data-id=\"f4073f3\" data-element_type=\"column\" data-e-type=\"column\">\n\t\t\t<div class=\"elementor-widget-wrap elementor-element-populated\">\n\t\t\t\t\t\t<div class=\"elementor-element elementor-element-49796e3 elementor-widget elementor-widget-text-editor\" data-id=\"49796e3\" data-element_type=\"widget\" data-e-type=\"widget\" data-widget_type=\"text-editor.default\">\n\t\t\t\t<div class=\"elementor-widget-container\">\n\t\t\t\t\t\t\t\t\t<h4 class=\"v1MsoNormal\" style=\"text-align: left;\" align=\"center\"><span style=\"font-size: 115%;\" data-text-color=\"secondary\"><b>Caso n\u00e3o encontre sua cidade, clique no bot\u00e3o abaixo e confira a cobertura no site da Rede Brasil de Televis\u00e3o!<\/b><\/span><\/h4>\n<p style=\"text-align: center;\">\u00a0<\/p>\t\t\t\t\t\t\t\t<\/div>\n\t\t\t\t<\/div>\n\t\t\t\t<div class=\"elementor-element elementor-element-d5e77ca elementor-align-center elementor-widget elementor-widget-button\" data-id=\"d5e77ca\" data-element_type=\"widget\" data-e-type=\"widget\" data-widget_type=\"button.default\">\n\t\t\t\t<div class=\"elementor-widget-container\">\n\t\t\t\t\t\t\t\t\t<div class=\"elementor-button-wrapper\">\n\t\t\t\t\t<a class=\"elementor-button elementor-button-link elementor-size-xl\" href=\"https:\/\/rbtv.com.br\/cobertura\">\n\t\t\t\t\t\t<span class=\"elementor-button-content-wrapper\">\n\t\t\t\t\t\t\t\t\t<span class=\"elementor-button-text\">Clique e Confira!<\/span>\n\t\t\t\t\t<\/span>\n\t\t\t\t\t<\/a>\n\t\t\t\t<\/div>\n\t\t\t\t\t\t\t\t<\/div>\n\t\t\t\t<\/div>\n\t\t\t\t\t<\/div>\n\t\t<\/div>\n\t\t\t\t\t<\/div>\n\t\t<\/section>\n\t\t\t\t<\/div>\n\t\t","protected":false},"excerpt":{"rendered":"<p>O Ateli\u00ea na TV traz conte\u00fado exclusivo para voc\u00ea, todos os dias:&nbsp; Estamos de casa nova o mesmo Ateli\u00ea na TV agora para todo o Brasil! Na Rede Brasil de Televis\u00e3o, de segunda \u00e0 sexta, das 15:00hr \u00e0s 16:00hr Confira a cobertura da sua cidade conforme abaixo: Caso n\u00e3o encontre sua cidade, clique no bot\u00e3o [&#8230;]\n","protected":false},"author":837378,"featured_media":0,"parent":0,"menu_order":0,"comment_status":"closed","ping_status":"closed","template":"","meta":{"om_disable_all_campaigns":false,"_monsterinsights_skip_tracking":false,"_monsterinsights_sitenote_active":false,"_monsterinsights_sitenote_note":"","_monsterinsights_sitenote_category":0,"footnotes":""},"categories":[1],"tags":[],"class_list":["post-28042","page","type-page","status-publish","hentry","category-sem-categoria"],"amp_enabled":true,"_links":{"self":[{"href":"https:\/\/www.ateliecomvoce.com.br\/index.php?rest_route=\/wp\/v2\/pages\/28042","targetHints":{"allow":["GET"]}}],"collection":[{"href":"https:\/\/www.ateliecomvoce.com.br\/index.php?rest_route=\/wp\/v2\/pages"}],"about":[{"href":"https:\/\/www.ateliecomvoce.com.br\/index.php?rest_route=\/wp\/v2\/types\/page"}],"author":[{"embeddable":true,"href":"https:\/\/www.ateliecomvoce.com.br\/index.php?rest_route=\/wp\/v2\/users\/837378"}],"replies":[{"embeddable":true,"href":"https:\/\/www.ateliecomvoce.com.br\/index.php?rest_route=%2Fwp%2Fv2%2Fcomments&post=28042"}],"version-history":[{"count":22,"href":"https:\/\/www.ateliecomvoce.com.br\/index.php?rest_route=\/wp\/v2\/pages\/28042\/revisions"}],"predecessor-version":[{"id":36814,"href":"https:\/\/www.ateliecomvoce.com.br\/index.php?rest_route=\/wp\/v2\/pages\/28042\/revisions\/36814"}],"wp:attachment":[{"href":"https:\/\/www.ateliecomvoce.com.br\/index.php?rest_route=%2Fwp%2Fv2%2Fmedia&parent=28042"}],"wp:term":[{"taxonomy":"category","embeddable":true,"href":"https:\/\/www.ateliecomvoce.com.br\/index.php?rest_route=%2Fwp%2Fv2%2Fcategories&post=28042"},{"taxonomy":"post_tag","embeddable":true,"href":"https:\/\/www.ateliecomvoce.com.br\/index.php?rest_route=%2Fwp%2Fv2%2Ftags&post=28042"}],"curies":[{"name":"wp","href":"https:\/\/api.w.org\/{rel}","templated":true}]}}